{"id":1676,"date":"2018-08-30T22:01:17","date_gmt":"2018-08-30T20:01:17","guid":{"rendered":"http:\/\/www.gerhart-hauptmann-grundschule.de\/neu\/?page_id=1676"},"modified":"2026-01-08T09:51:25","modified_gmt":"2026-01-08T07:51:25","slug":"klasse-1c-2","status":"publish","type":"page","link":"https:\/\/www.gerhart-hauptmann-grundschule.de\/neu\/?page_id=1676","title":{"rendered":"Klasse 2c (Frosch)"},"content":{"rendered":"<h2 style=\"text-align: center;\"><\/h2>\n<p>&nbsp;<\/p>\n<h2 style=\"text-align: center;\"><span style=\"font-size: 18pt; color: #3366ff;\"><strong>Herzlich willkommen auf der Seite der 2c (Froschklasse).<\/strong><\/span><\/h2>\n<p style=\"text-align: center;\"><span style=\"font-size: 14pt;\">Unsere Klasse besteht aus 25 Kindern.<\/span><\/p>\n<p style=\"text-align: center;\"><span style=\"font-size: 14pt;\">Unsere Klassenlehrerin hei\u00dft <em><strong>Frau Funke<\/strong><\/em>.<\/span><\/p>\n<p style=\"text-align: center;\"><span style=\"font-size: 14pt;\">Unsere Klassenassistentin hei\u00dft Frau Schl\u00fcter.<\/span><\/p>\n<h3 style=\"text-align: center;\"><\/h3>\n<p style=\"text-align: center;\"><span style=\"font-size: 14pt;\">Hier geht es zu unserem Padlet:<\/span><\/p>\n<p style=\"text-align: center;\"><span style=\"font-size: 14pt;\"><a href=\"https:\/\/padlet.com\/katharinakiesel\/91mm5u0wvx6vclcr\">https:\/\/padlet.com\/katharinakiesel\/91mm5u0wvx6vclcr<\/a><\/span><\/p>\n","protected":false},"excerpt":{"rendered":"<p>&nbsp; Herzlich willkommen auf der Seite der 2c (Froschklasse). Unsere Klasse besteht aus 25 Kindern. Unsere Klassenlehrerin hei\u00dft Frau Funke. Unsere Klassenassistentin hei\u00dft Frau Schl\u00fcter. Hier geht es zu unserem Padlet: https:\/\/padlet.com\/katharinakiesel\/91mm5u0wvx6vclcr<\/p>\n <a href='https:\/\/www.gerhart-hauptmann-grundschule.de\/neu\/?page_id=1676' class='excerpt-more-append'>[...]<\/a>","protected":false},"author":44,"featured_media":0,"parent":0,"menu_order":0,"comment_status":"closed","ping_status":"closed","template":"","meta":{"ngg_post_thumbnail":0,"footnotes":""},"class_list":["post-1676","page","type-page","status-publish","hentry","post-seq-1","post-parity-odd","meta-position-corners","fix"],"_links":{"self":[{"href":"https:\/\/www.gerhart-hauptmann-grundschule.de\/neu\/index.php?rest_route=\/wp\/v2\/pages\/1676","targetHints":{"allow":["GET"]}}],"collection":[{"href":"https:\/\/www.gerhart-hauptmann-grundschule.de\/neu\/index.php?rest_route=\/wp\/v2\/pages"}],"about":[{"href":"https:\/\/www.gerhart-hauptmann-grundschule.de\/neu\/index.php?rest_route=\/wp\/v2\/types\/page"}],"author":[{"embeddable":true,"href":"https:\/\/www.gerhart-hauptmann-grundschule.de\/neu\/index.php?rest_route=\/wp\/v2\/users\/44"}],"replies":[{"embeddable":true,"href":"https:\/\/www.gerhart-hauptmann-grundschule.de\/neu\/index.php?rest_route=%2Fwp%2Fv2%2Fcomments&post=1676"}],"version-history":[{"count":63,"href":"https:\/\/www.gerhart-hauptmann-grundschule.de\/neu\/index.php?rest_route=\/wp\/v2\/pages\/1676\/revisions"}],"predecessor-version":[{"id":3017,"href":"https:\/\/www.gerhart-hauptmann-grundschule.de\/neu\/index.php?rest_route=\/wp\/v2\/pages\/1676\/revisions\/3017"}],"wp:attachment":[{"href":"https:\/\/www.gerhart-hauptmann-grundschule.de\/neu\/index.php?rest_route=%2Fwp%2Fv2%2Fmedia&parent=1676"}],"curies":[{"name":"wp","href":"https:\/\/api.w.org\/{rel}","templated":true}]}}