{"id":2100,"date":"2016-08-20T18:23:22","date_gmt":"2016-08-20T16:23:22","guid":{"rendered":"http:\/\/www.gerhart-hauptmann-grundschule.de\/neu\/?page_id=2100"},"modified":"2026-01-08T09:58:29","modified_gmt":"2026-01-08T07:58:29","slug":"klasse-3b","status":"publish","type":"page","link":"https:\/\/www.gerhart-hauptmann-grundschule.de\/neu\/?page_id=2100","title":{"rendered":"Klasse 4b (Zebra)"},"content":{"rendered":"<h2><\/h2>\n<h2 style=\"text-align: center;\"><strong>Herzlich Willkommen auf der Seite der 4b (Zebra).<\/strong><\/h2>\n<p style=\"text-align: center;\">Unsere Klasse besteht aus 23 Kindern.<\/p>\n<p style=\"text-align: center;\">Unsere Klassenlehrerin hei\u00dft <em><strong>Frau Dickel<\/strong><\/em>.<\/p>\n<p style=\"text-align: center;\">Unser Klassenassistent hei\u00dft Herr Dickmann.<\/p>\n<p style=\"text-align: center;\">Auf unser Padlet gelangen Sie \u00fcber folgenden Link (nur mit Passwort zug\u00e4nglich):<\/p>\n<p style=\"text-align: center;\">\n","protected":false},"excerpt":{"rendered":"<p>Herzlich Willkommen auf der Seite der 4b (Zebra). Unsere Klasse besteht aus 23 Kindern. Unsere Klassenlehrerin hei\u00dft Frau Dickel. Unser Klassenassistent hei\u00dft Herr Dickmann. Auf unser Padlet gelangen Sie \u00fcber folgenden Link (nur mit Passwort zug\u00e4nglich):<\/p>\n <a href='https:\/\/www.gerhart-hauptmann-grundschule.de\/neu\/?page_id=2100' class='excerpt-more-append'>[...]<\/a>","protected":false},"author":42,"featured_media":0,"parent":0,"menu_order":0,"comment_status":"closed","ping_status":"closed","template":"","meta":{"ngg_post_thumbnail":0,"footnotes":""},"class_list":["post-2100","page","type-page","status-publish","hentry","post-seq-1","post-parity-odd","meta-position-corners","fix"],"_links":{"self":[{"href":"https:\/\/www.gerhart-hauptmann-grundschule.de\/neu\/index.php?rest_route=\/wp\/v2\/pages\/2100","targetHints":{"allow":["GET"]}}],"collection":[{"href":"https:\/\/www.gerhart-hauptmann-grundschule.de\/neu\/index.php?rest_route=\/wp\/v2\/pages"}],"about":[{"href":"https:\/\/www.gerhart-hauptmann-grundschule.de\/neu\/index.php?rest_route=\/wp\/v2\/types\/page"}],"author":[{"embeddable":true,"href":"https:\/\/www.gerhart-hauptmann-grundschule.de\/neu\/index.php?rest_route=\/wp\/v2\/users\/42"}],"replies":[{"embeddable":true,"href":"https:\/\/www.gerhart-hauptmann-grundschule.de\/neu\/index.php?rest_route=%2Fwp%2Fv2%2Fcomments&post=2100"}],"version-history":[{"count":46,"href":"https:\/\/www.gerhart-hauptmann-grundschule.de\/neu\/index.php?rest_route=\/wp\/v2\/pages\/2100\/revisions"}],"predecessor-version":[{"id":3025,"href":"https:\/\/www.gerhart-hauptmann-grundschule.de\/neu\/index.php?rest_route=\/wp\/v2\/pages\/2100\/revisions\/3025"}],"wp:attachment":[{"href":"https:\/\/www.gerhart-hauptmann-grundschule.de\/neu\/index.php?rest_route=%2Fwp%2Fv2%2Fmedia&parent=2100"}],"curies":[{"name":"wp","href":"https:\/\/api.w.org\/{rel}","templated":true}]}}