{"id":410,"date":"2012-08-30T11:37:01","date_gmt":"2012-08-30T09:37:01","guid":{"rendered":"http:\/\/gerhart-hauptmann-grundschule.de\/verwaltung\/?page_id=410"},"modified":"2026-03-05T09:57:59","modified_gmt":"2026-03-05T08:57:59","slug":"home","status":"publish","type":"page","link":"https:\/\/www.gerhart-hauptmann-grundschule.de\/verwaltung\/","title":{"rendered":"Home"},"content":{"rendered":"<p style=\"text-align: center;\"><a href=\"http:\/\/gerhart-hauptmann-grundschule.de\/verwaltung\/wp-content\/uploads\/2012\/08\/logo-400.gif\"><img loading=\"lazy\" decoding=\"async\" class=\"aligncenter size-full wp-image-411\" title=\"logo-400\" src=\"http:\/\/gerhart-hauptmann-grundschule.de\/verwaltung\/wp-content\/uploads\/2012\/08\/logo-400.gif\" alt=\"\" width=\"400\" height=\"191\" srcset=\"https:\/\/www.gerhart-hauptmann-grundschule.de\/verwaltung\/wp-content\/uploads\/2012\/08\/logo-400.gif 400w, https:\/\/www.gerhart-hauptmann-grundschule.de\/verwaltung\/wp-content\/uploads\/2012\/08\/logo-400-300x143.gif 300w\" sizes=\"auto, (max-width: 400px) 100vw, 400px\" \/><\/a><\/p>\n<h2 style=\"text-align: center;\"><span style=\"color: #008080;\"><strong>Herzlich willkommen auf der Homepage<\/strong><\/span><\/h2>\n<h2 style=\"text-align: center;\"><span style=\"color: #008080;\"><strong>der Gerhart-Hauptmann-Schule<\/strong><\/span><\/h2>\n<h2>&nbsp;<\/h2>\n<p><span style=\"background-color: #ffff00;\"><strong>Die neuen AG`s kommen sehr gut an, aktuell nur noch Wartelistenpl\u00e4tze<\/strong><\/span><strong>&nbsp; &nbsp; &nbsp; <\/strong>M\u00e4rz 2025<\/p>\nngg_shortcode_0_placeholder\n<p>&nbsp;<\/p>\n<p><span style=\"background-color: #ffff00;\"><strong>Stadtmeisterschaft Fu\u00dfball der Grundschulen in Bergkamen<\/strong><\/span><strong>&nbsp; &nbsp; &nbsp; &nbsp; &nbsp; &nbsp; &nbsp; &nbsp; &nbsp; &nbsp; &nbsp; &nbsp; &nbsp;<\/strong>Februar 2025<\/p>\n<p>Unsere Mannschaft verbesserte sich dieses Jahr erneut und schaffte es auf das Treppchen.<\/p>\n<p>Herzlichen Gl\u00fcckwunsch zu einem fabelhaften Platz 3!<\/p>\n<p>&nbsp;<\/p>\n<p><span style=\"background-color: #ffff00;\"><strong>Kinderfu\u00dfballtag in der Gerhart-Hauptmann-Schule ein voller Erfolg<\/strong><\/span><strong>&nbsp; &nbsp; &nbsp; &nbsp; &nbsp; <\/strong>September 2025<\/p>\n<p>Die Gerhart-Hauptmann-Schule bedankt sich herzlich f\u00fcr die Teilnahme am Kinderfu\u00dfballtag am<br>19.09.2025.<br>Es war ein wunderbarer Tag voller Freude und Spielspa\u00df f\u00fcr alle Kinder. Die Sch\u00fclerinnen und Sch\u00fcler<br>der Gerhart-Hauptmann-Schule haben mit Begeisterung an den sportlichen Aktivit\u00e4ten teilgenommen und waren gl\u00fccklich, Teil dieser tollen Veranstaltung zu sein.<br>Vielen Dank an unsere tollen Sponsoren und die Fu\u00dfballschule, die zum Gelingen dieses besonderen<br>Tages beigetragen haben.<br>Die Gerhart-Hauptmann-Schule freut sich bereits auf zuk\u00fcnftige gemeinsame Events<\/p>\n<p>&nbsp;<\/p>\n<p><span style=\"background-color: #ffff00;\"><strong>Frische Waffeln f\u00fcr unsere Kinder<\/strong><\/span><strong>&nbsp; &nbsp; &nbsp; &nbsp; &nbsp; &nbsp; &nbsp; &nbsp; &nbsp; &nbsp; &nbsp; &nbsp; &nbsp; &nbsp; &nbsp; &nbsp; &nbsp; &nbsp; &nbsp; &nbsp; &nbsp; &nbsp; &nbsp; &nbsp; &nbsp; &nbsp; &nbsp; &nbsp; &nbsp;<\/strong><strong>&nbsp; &nbsp; &nbsp; &nbsp; &nbsp; &nbsp; &nbsp;<\/strong>September 2025<\/p>\n<p>Wir bedanken uns bei den tatkr\u00e4ftigen Helferinnen<\/p>\nngg_shortcode_1_placeholder\n<p><strong><span style=\"background-color: #ffff00;\">&#8222;Zu Fu\u00df zur Schule&#8220; 2025&nbsp; &nbsp; &nbsp;<\/span>&nbsp; &nbsp; &nbsp; &nbsp; &nbsp; &nbsp; &nbsp; &nbsp; &nbsp; &nbsp; &nbsp; &nbsp; &nbsp; &nbsp; &nbsp; &nbsp; &nbsp; &nbsp; &nbsp; &nbsp; &nbsp; &nbsp; &nbsp; &nbsp; &nbsp; &nbsp; &nbsp; &nbsp; &nbsp; &nbsp; &nbsp; &nbsp; &nbsp; &nbsp; &nbsp; &nbsp; &nbsp; &nbsp;<\/strong>September 2025<\/p>\n<p>Auch in diesem Jahr beteiligt sich die Gerhart-Hauptmann-Schule an den Aktionstagen<br>&#8222;<strong>Zu Fu\u00df zur Schule<\/strong>&#8220; unter dem Motto <strong>MACH MIT &#8211; bleib fit! Zu Fu\u00df zur Schule und Zur\u00fcck!<\/strong><\/p>\n<p>Die Aktion startet am 15.09.2025 und findet als ein zweiw\u00f6chiger Wettbewerb f\u00fcr alle Klassen statt.&nbsp;<\/p>\n<p>Wir freuen uns, wenn auch in diesem Jahr wieder viele Eltern und Kinder mitmachen!&nbsp;<\/p>\n<div style=\"width: 695px;\" class=\"wp-video\"><video class=\"wp-video-shortcode\" id=\"video-410-1\" width=\"695\" height=\"391\" preload=\"metadata\" controls=\"controls\"><source type=\"video\/mp4\" src=\"https:\/\/www.gerhart-hauptmann-grundschule.de\/verwaltung\/wp-content\/uploads\/2025\/09\/IMG_3207.mp4?_=1\" \/><a href=\"https:\/\/www.gerhart-hauptmann-grundschule.de\/verwaltung\/wp-content\/uploads\/2025\/09\/IMG_3207.mp4\">https:\/\/www.gerhart-hauptmann-grundschule.de\/verwaltung\/wp-content\/uploads\/2025\/09\/IMG_3207.mp4<\/a><\/video><\/div>\n<p>Infos zur Aktion finden Sie auch unter<\/p>\n<p><a href=\"http:\/\/www.zu-fuss-zur-schule.de\">www.zu-fuss-zur-schule.de<\/a><\/p>\n<p>&nbsp;<\/p>\n<p><strong><span style=\"text-decoration: underline;\"><span style=\"background-color: #ffff00;\">Kinderfu\u00dfballtag an der GHS am 19. September 2025 (3. + 4. Jahrgang) <\/span><\/span><\/strong>&nbsp; &nbsp; &nbsp;September 2025<\/p>\nngg_shortcode_2_placeholder\n<p><strong><span style=\"text-decoration: underline;\"><span style=\"background-color: #ffff00;\">Rucksack-Programm 2025<\/span><\/span><\/strong>&nbsp; &nbsp; &nbsp; &nbsp; &nbsp; &nbsp; &nbsp; &nbsp; &nbsp; &nbsp; &nbsp; &nbsp; &nbsp; &nbsp; &nbsp; &nbsp; &nbsp; &nbsp; &nbsp; &nbsp; &nbsp; &nbsp; &nbsp; &nbsp; &nbsp; &nbsp; &nbsp; &nbsp; &nbsp; &nbsp; &nbsp; &nbsp; &nbsp; &nbsp; &nbsp; &nbsp; &nbsp; &nbsp; &nbsp; &nbsp; &nbsp; &nbsp; &nbsp; &nbsp; &nbsp;Juli 2025<\/p>\n<p>Wir gratulieren allen Eltern zu einem erfolgreich absolvierten Schuljahr in der Rucksack-Gruppe. Ein gro\u00dfer Dank geht an unsere Elternbegleiterin Frau Ermis (rechts). Sie hat zusammen mit Herrn \u00d6zdemir und Frau Niena\u00df die Rucksack-Gruppe geleitet.<\/p>\nngg_shortcode_3_placeholder\n<p>&nbsp;<\/p>\n<p><strong><span style=\"text-decoration: underline;\"><span style=\"background-color: #ffff00;\">Besuch der Landtagsabgeordneten Frau Gosewinkel<\/span><\/span><\/strong>&nbsp; &nbsp; &nbsp; &nbsp; &nbsp; &nbsp; &nbsp; &nbsp; &nbsp; &nbsp; &nbsp; &nbsp; &nbsp; &nbsp; &nbsp; &nbsp; &nbsp; &nbsp; &nbsp; &nbsp; 04. Juli 2025<\/p>\n<p>Bei ihrem Besuch unserer Schule bez\u00fcglich des Programms &#8222;Startchancen&#8220; schaute die Landtagsabgeordnete Frau Gosewinkel noch gerne bei unserem Elterncafe vorbei und f\u00fchrte ein paar interessante Gespr\u00e4che.<\/p>\nngg_shortcode_4_placeholder\n<p>&nbsp;<\/p>\n<p><strong><span style=\"text-decoration: underline;\"><span style=\"background-color: #ffff00;\">Sportfest<\/span><span style=\"background-color: #ffff00;\"> 2025<\/span><\/span><\/strong>&nbsp; &nbsp; &nbsp; &nbsp; &nbsp; &nbsp; &nbsp; &nbsp; &nbsp; &nbsp; &nbsp; &nbsp; &nbsp; &nbsp; &nbsp; &nbsp; &nbsp; &nbsp; &nbsp; &nbsp; &nbsp; &nbsp; &nbsp; &nbsp; &nbsp; &nbsp; &nbsp; &nbsp; &nbsp; &nbsp; &nbsp; &nbsp; &nbsp; &nbsp; &nbsp; &nbsp; &nbsp; &nbsp; &nbsp; &nbsp; &nbsp; &nbsp; &nbsp; &nbsp; &nbsp; &nbsp; &nbsp; &nbsp; &nbsp; &nbsp; &nbsp; &nbsp; &nbsp;Juni 2025<\/p>\n<p>Alle Sch\u00fclerInnen traten in verschiedenen Disziplinen an, Laufen, Werfen, Springen, alles war dabei!<\/p>\n<p><a href=\"https:\/\/www.gerhart-hauptmann-grundschule.de\/verwaltung\/\/?attachment_id=3088\" rel=\"attachment wp-att-3088\"><img loading=\"lazy\" decoding=\"async\" class=\"alignnone size-medium wp-image-3088\" src=\"https:\/\/www.gerhart-hauptmann-grundschule.de\/verwaltung\/wp-content\/uploads\/2025\/06\/IMG_7594-300x225.jpg\" alt=\"\" width=\"300\" height=\"225\" srcset=\"https:\/\/www.gerhart-hauptmann-grundschule.de\/verwaltung\/wp-content\/uploads\/2025\/06\/IMG_7594-300x225.jpg 300w, https:\/\/www.gerhart-hauptmann-grundschule.de\/verwaltung\/wp-content\/uploads\/2025\/06\/IMG_7594-1024x768.jpg 1024w, https:\/\/www.gerhart-hauptmann-grundschule.de\/verwaltung\/wp-content\/uploads\/2025\/06\/IMG_7594-768x576.jpg 768w, https:\/\/www.gerhart-hauptmann-grundschule.de\/verwaltung\/wp-content\/uploads\/2025\/06\/IMG_7594-1536x1152.jpg 1536w, https:\/\/www.gerhart-hauptmann-grundschule.de\/verwaltung\/wp-content\/uploads\/2025\/06\/IMG_7594-2048x1536.jpg 2048w\" sizes=\"auto, (max-width: 300px) 100vw, 300px\" \/><\/a><a href=\"https:\/\/www.gerhart-hauptmann-grundschule.de\/verwaltung\/\/?attachment_id=3087\" rel=\"attachment wp-att-3087\"><img loading=\"lazy\" decoding=\"async\" class=\"alignnone size-medium wp-image-3087\" src=\"https:\/\/www.gerhart-hauptmann-grundschule.de\/verwaltung\/wp-content\/uploads\/2025\/06\/IMG_7590-300x225.jpg\" alt=\"\" width=\"300\" height=\"225\" srcset=\"https:\/\/www.gerhart-hauptmann-grundschule.de\/verwaltung\/wp-content\/uploads\/2025\/06\/IMG_7590-300x225.jpg 300w, https:\/\/www.gerhart-hauptmann-grundschule.de\/verwaltung\/wp-content\/uploads\/2025\/06\/IMG_7590-1024x768.jpg 1024w, https:\/\/www.gerhart-hauptmann-grundschule.de\/verwaltung\/wp-content\/uploads\/2025\/06\/IMG_7590-768x576.jpg 768w, https:\/\/www.gerhart-hauptmann-grundschule.de\/verwaltung\/wp-content\/uploads\/2025\/06\/IMG_7590-1536x1152.jpg 1536w, https:\/\/www.gerhart-hauptmann-grundschule.de\/verwaltung\/wp-content\/uploads\/2025\/06\/IMG_7590-2048x1536.jpg 2048w\" sizes=\"auto, (max-width: 300px) 100vw, 300px\" \/><\/a><\/p>\n<p>&nbsp;<\/p>\n<p><strong><span style=\"text-decoration: underline;\"><span style=\"background-color: #ffff00;\">Besuch aus dem Landtag &#8211; Berivan Aymaz an unserer Schule <\/span><\/span><\/strong>&nbsp; &nbsp; &nbsp; &nbsp; &nbsp; &nbsp; &nbsp; &nbsp; &nbsp; &nbsp; &nbsp; &nbsp; &nbsp; &nbsp; &nbsp; &nbsp;Mai 2025<\/p>\n<p>Am Montag, den 19. Mai, besuchte die Landtagsabgeordnete Berivan Aymaz im Rahmen des Projekts \u201eLandtag macht Schule\u201c die Gerhart-Hauptmann-Schule.<\/p>\n<p>Die Kinder hatten im Vorfeld eigene Fragen vorbereitet und durften diese der Politikerin pers\u00f6nlich stellen. Berivan Aymaz nahm sich viel Zeit, antwortete offen und kindgerecht \u2013 ein besonderes Erlebnis f\u00fcr alle Beteiligten.<\/p>\n<p>Anschlie\u00dfend konnten die Sch\u00fclerinnen und Sch\u00fcler eine Mitmachausstellung rund um das Thema Landtag entdecken und ausprobieren.<\/p>\n<p>Als \u00dcberraschung gab es zum Schluss sogar eine Einladung in den Landtag \u2013 ein gelungener Abschluss f\u00fcr einen spannenden und lehrreichen Vormittag.<\/p>\nngg_shortcode_5_placeholder\n<p>&nbsp;<\/p>\n<p><span style=\"background-color: #ffff00;\"><span style=\"text-decoration: underline;\"><strong>Projektwoche 2025 &#8222;Kreativ&#8220; (31.03. &#8211; 04.04.)<\/strong><\/span>&nbsp; &nbsp;<\/span>&nbsp; &nbsp; &nbsp; &nbsp; &nbsp; &nbsp; &nbsp; &nbsp; &nbsp; &nbsp; &nbsp; &nbsp; &nbsp; &nbsp; &nbsp; &nbsp; &nbsp; &nbsp; &nbsp; &nbsp; &nbsp; &nbsp; &nbsp; &nbsp; &nbsp; &nbsp; &nbsp; &nbsp; &nbsp; &nbsp;April 2025<\/p>\n<p>Ein voller Erfolg! Viele tolle Projekte wurden erarbeitet und umgesetzt.<\/p>\n<p>Am letzten Tag (Freitag) wurden die Ergebnisse pr\u00e4sentiert. Wir bedanken uns bei den zahlreichen Besuchern und nat\u00fcrlich unseren kreativen Sch\u00fclern und Sch\u00fclerinnen.<\/p>\n<p>&nbsp;<\/p>\nngg_shortcode_6_placeholder\n<p>&nbsp;<\/p>\n<p>&nbsp;<\/p>\n<p>&nbsp;<\/p>\n<p><strong><span style=\"text-decoration: underline; background-color: #ffff00;\">Karneval an der GHS&nbsp;<\/span> &nbsp; &nbsp; &nbsp; &nbsp; &nbsp; &nbsp; &nbsp; &nbsp; &nbsp; &nbsp; &nbsp; &nbsp; &nbsp; &nbsp; &nbsp; &nbsp; &nbsp; &nbsp; &nbsp; &nbsp; &nbsp; &nbsp; &nbsp; &nbsp; &nbsp; &nbsp; &nbsp; &nbsp; &nbsp; &nbsp; &nbsp; &nbsp; &nbsp; &nbsp; &nbsp; &nbsp; &nbsp; &nbsp; &nbsp; &nbsp; &nbsp; &nbsp; &nbsp; &nbsp; &nbsp; &nbsp; &nbsp; &nbsp; &nbsp;<\/strong>28.02.2025<\/p>\n<p>Die Kinder kamen heute verkleidet zur Schule. In der Turnhalle wurde kr\u00e4ftig gefeiert.<\/p>\nngg_shortcode_7_placeholder\n<p>&nbsp;<\/p>\n<p><span style=\"text-decoration: underline; background-color: #ffff00;\"><strong>Stadtmeisterschaften<\/strong><\/span><span style=\"text-decoration: underline;\"><span style=\"background-color: #ffff00;\"><strong> Fu\u00dfball<\/strong><\/span><\/span><strong>&nbsp; &nbsp; &nbsp; &nbsp; &nbsp;<\/strong><strong> &nbsp; &nbsp; &nbsp; &nbsp; &nbsp; &nbsp; &nbsp; &nbsp; &nbsp; &nbsp; &nbsp; &nbsp; &nbsp; &nbsp; &nbsp; &nbsp; &nbsp; &nbsp; &nbsp; &nbsp; &nbsp; &nbsp; &nbsp; &nbsp; &nbsp; &nbsp; &nbsp; &nbsp; &nbsp; &nbsp; &nbsp; &nbsp; &nbsp; &nbsp; &nbsp; &nbsp; &nbsp; &nbsp; <\/strong>27.02.2025<\/p>\n<p>Die GHS erzielte dieses Jahr einen wirklich tollen 4. Platz, herzlichen Gl\u00fcckwunsch!!!<\/p>\n<p>&nbsp;<\/p>\nngg_shortcode_8_placeholder\n<p>&nbsp;<\/p>\n<p style=\"text-align: left;\"><span style=\"background-color: #ffff00;\"><b><u>Weihnachtliche Feier<\/u><\/b><\/span>&nbsp; &nbsp; &nbsp; &nbsp; &nbsp; &nbsp; &nbsp; &nbsp; &nbsp; &nbsp; &nbsp; &nbsp; &nbsp; &nbsp; &nbsp; &nbsp; &nbsp; &nbsp; &nbsp; &nbsp; &nbsp; &nbsp; &nbsp; &nbsp; &nbsp; &nbsp; &nbsp; &nbsp; &nbsp; &nbsp; &nbsp; &nbsp; &nbsp; &nbsp; &nbsp; &nbsp; &nbsp; &nbsp; &nbsp; &nbsp; &nbsp; &nbsp; &nbsp; &nbsp; &nbsp; &nbsp; &nbsp; &nbsp; &nbsp; &nbsp; 01.01.2025<\/p>\n<p>Wie jedes Jahr versammelten sich alle Jahrg\u00e4nge und ihren Familien im Studiotheater.<\/p>\n<p>Die Klassen f\u00fchrten verschiedene Darbietungen auf.<\/p>\n<p>Wir w\u00fcnschen allen ein Frohes Neues Jahr!&nbsp;<\/p>\nngg_shortcode_9_placeholder\n<p>&nbsp;<\/p>\n<p style=\"text-align: left;\"><span style=\"background-color: #ffff00;\"><b><u>Start ins neue Schuljahr 2024\/2025<\/u><\/b><\/span>&nbsp; &nbsp; &nbsp; &nbsp; &nbsp; &nbsp; &nbsp; &nbsp; &nbsp; &nbsp; &nbsp; &nbsp; &nbsp; &nbsp; &nbsp; &nbsp; &nbsp; &nbsp; &nbsp; &nbsp; &nbsp; &nbsp; &nbsp; &nbsp; &nbsp; &nbsp; &nbsp; &nbsp; &nbsp; &nbsp; &nbsp; &nbsp; &nbsp; &nbsp; &nbsp; &nbsp; &nbsp; &nbsp; &nbsp;21.08.2024<\/p>\n<p>Liebe Sch\u00fclerinnen und Sch\u00fcler, liebe Eltern,<\/p>\n<p>wir begr\u00fc\u00dfen Euch\/Sie im neuen Schuljahr 2024\/2025 und&nbsp;w\u00fcnschen eine gute und vor allem gesunde Zeit!<\/p>\n<p>&nbsp;<\/p>\n<p style=\"text-align: left;\"><strong><span style=\"color: #000000; background-color: #ffff00;\"><u>SCH\u00d6NE SOMMERFERIEN<\/u><\/span><\/strong>&nbsp; &nbsp; &nbsp; &nbsp; &nbsp; &nbsp; &nbsp; &nbsp; &nbsp; &nbsp; &nbsp; &nbsp; &nbsp; &nbsp; &nbsp; &nbsp; &nbsp; &nbsp; &nbsp; &nbsp; &nbsp; &nbsp; &nbsp; &nbsp; &nbsp; &nbsp; &nbsp; &nbsp; &nbsp; &nbsp; &nbsp; &nbsp; &nbsp; &nbsp; &nbsp; &nbsp; &nbsp; &nbsp; &nbsp; &nbsp; &nbsp; &nbsp; &nbsp; &nbsp; &nbsp; &nbsp;05.07.2024<\/p>\n<p>Das Team der Gerhart-Hauptmann-Schule gratuliert unserem 4. Jahrgang zum<br>erfolgreichen Abschluss der Grundschulzeit, wir sind so stolz auf Euch!<br>Einen guten Start an den weiterf\u00fchrenden Schulen!<\/p>\n<p>Das neue Schuljahr 24\/25 beginnt f\u00fcr die neuen Jahrg\u00e4nge 2 &#8211; 4 am Mittwoch 21. August 2024.<\/p>\n<p>Die neuen Lernanf\u00e4nger begr\u00fc\u00dfen wir zur Einschulungsfeier am Donnerstag 22. August 2024.<\/p>\n<p>Wir w\u00fcnschen allen Familien eine sch\u00f6ne Urlaubszeit!<\/p>\n<p>&nbsp;<\/p>\n<p><strong>Die Projektwoche Zirkus l\u00e4uft&#8230;<\/strong><\/p>\n<p>denken Sie an die jeweils 2 Auff\u00fchrungstermine am 08. und 09. M\u00e4rz und unterst\u00fctzen Sie Ihre Kinder!<\/p>\n<p>&nbsp;<\/p>\n<p>Auch in diesem Jahr beteiligt sich die Gerhart-Hauptmann-Schule an den Aktionstagen<br>&#8222;<strong>Zu Fu\u00df zur Schule<\/strong>&#8220; unter dem Motto <strong>MACH MIT &#8211; bleib fit! Zu Fu\u00df zur Schule und Zur\u00fcck!<\/strong><\/p>\n<p>Die Aktion startet am 18.09.2023 und findet als ein zweiw\u00f6chiger Wettbewerb f\u00fcr alle Klassen statt.&nbsp;<\/p>\n<p>Wir freuen uns, wenn auch in diesem Jahr wieder viele Eltern und Kinder mitmachen!&nbsp;<\/p>\n<div style=\"width: 695px;\" class=\"wp-video\"><video class=\"wp-video-shortcode\" id=\"video-410-2\" width=\"695\" height=\"391\" preload=\"metadata\" controls=\"controls\"><source type=\"video\/mp4\" src=\"https:\/\/www.gerhart-hauptmann-grundschule.de\/verwaltung\/wp-content\/uploads\/2023\/09\/Untitled-1.mp4?_=2\" \/><a href=\"https:\/\/www.gerhart-hauptmann-grundschule.de\/verwaltung\/wp-content\/uploads\/2023\/09\/Untitled-1.mp4\">https:\/\/www.gerhart-hauptmann-grundschule.de\/verwaltung\/wp-content\/uploads\/2023\/09\/Untitled-1.mp4<\/a><\/video><\/div>\n<p>Infos zur Aktion finden Sie auch unter<\/p>\n<p><a href=\"http:\/\/www.zu-fuss-zur-schule.de\">www.zu-fuss-zur-schule.de<\/a><\/p>\n<p>&nbsp;<\/p>\n<p>Informationen zum <strong>Rucksack-Programm<\/strong> <br>f\u00fcr die Eltern<\/p>\n<p>(jeden Mittwoch 8:00 &#8211; 9:30 Uhr) bitte hier klicken:<\/p>\n<p><a href=\"https:\/\/www.gerhart-hauptmann-grundschule.de\/verwaltung\/wp-content\/uploads\/2023\/09\/Schulhomepage_Rucksackschule_GHS1.pdf\">Schulhomepage_Rucksackschule_GHS1<\/a><\/p>\nngg_shortcode_10_placeholder\n<p>&nbsp;<\/p>\n<p>&nbsp;<\/p>\n<p style=\"text-align: center;\"><strong><span style=\"color: #000000;\">Das neue Schuljahr 2023\/2024 hat begonnen.<\/span><\/strong><\/p>\n<p><span style=\"color: #000000;\">Wir freuen uns, dass ihr wieder da seid und begr\u00fc\u00dfen auch ganz herzlich die neuen<\/span><span style=\"color: #000000;\"> Lernanf\u00e4nger. <\/span><span style=\"color: #000000;\">Fotos der Einschulung folgen..<\/span><\/p>\n<p style=\"text-align: right;\">Bergkamen, 31.03.2023<\/p>\n<p>Wir haben neues <a href=\"https:\/\/www.gerhart-hauptmann-grundschule.de\/verwaltung\/?p=2680\">Pausenspielzeug<\/a> vom F\u00f6rderverein erhalten<\/p>\n<p style=\"text-align: right;\">Bergkamen, 30.03.2023<\/p>\n<p><a href=\"https:\/\/www.gerhart-hauptmann-grundschule.de\/verwaltung\/\/?p=2646\"><span style=\"color: #ff0000;\">Spendenaktion<\/span> <\/a>der Eltern f\u00fcr die Erdbebenopfer in der T\u00fcrkei und in Syrien vom 17.03.2023<\/p>\n<p style=\"text-align: right;\">Bergkamen, 18.01.2023<\/p>\n<p style=\"text-align: left;\">Liebe Eltern der Jahrg\u00e4nge 3 und 4,<\/p>\n<p>Ihren Kindern werden am kommenden Freitag, den <span style=\"color: #000000;\">20.01.2023<\/span>, die <span style=\"color: #339966;\">Halbjahreszeugnisse<\/span> ausgegeben. Diese Zeugniskopie ist von Ihnen zu unterschreiben und dem Kind am darauffolgenden Montag, den 23.01.2023, wieder mitzugeben. Daraufhin werden dann die Originale ausgegeben.<\/p>\n<h3>&nbsp;<\/h3>\n<p style=\"text-align: right;\">Bergkamen, 09.01.2023<\/p>\n<p style=\"text-align: center;\">Das Kollegium der Gerhart-Hauptmann-Grundschule w\u00fcnscht<\/p>\n<p style=\"text-align: center;\">ein&nbsp;<strong>Frohes Neues Jahr 2023<\/strong><\/p>\n<h3>&nbsp;<\/h3>\n<p style=\"text-align: right;\">Bergkamen, 30.11.2022<\/p>\n<p style=\"text-align: left;\">Liebe Sch\u00fclerinnen und Sch\u00fcler, liebe Eltern,<\/p>\n<p>die Vorbereitungen f\u00fcr die <span style=\"color: #339966;\">vorweihnachtliche Feier am 22.12.2022<\/span> sind in vollem Gange. Wir hoffen, Sie in diesem Jahr endlich wieder dazu begr\u00fc\u00dfen zu k\u00f6nnen.<\/p>\n<p>Mit freundlichen Gr\u00fc\u00dfen<\/p>\n<p>Martina Hoppe und Monika Grzenda<\/p>\n<p>&#8212;<\/p>\n<p style=\"text-align: right;\">Bergkamen, 30.11.2022<\/p>\n<p>Liebe Sch\u00fclerinnen und Sch\u00fcler, liebe Eltern,<\/p>\n<p>wir sind gerade dabei unsere Homepage zu aktualisieren.<\/p>\n<p>In den n\u00e4chsten Wochen finden Sie immer wieder neue Termine, Artikel, Fotos und vieles mehr. Ein Besuch unserer Internetseite lohnt sich also wieder. Wir w\u00fcnschen viel Spa\u00df und freuen uns auch \u00fcber jedes Feedback!<\/p>\n<p>&#8212;<\/p>\n<p>Liebe Eltern,<\/p>\n<p>der Sponsorenlauf unter dem Motto <span style=\"color: #339966;\">&#8222;Kinder laufen f\u00fcr Kinder&#8220;<\/span> am 30.03.2022 hat bisher einen Erl\u00f6s von unglaublichen <span style=\"color: #339966;\"><strong>3202,80\u20ac <\/strong><\/span>erzielt. Wir m\u00f6chten uns sehr herzlich bei allen Kindern und Sponsoren f\u00fcr ihre Mithilfe und Spenden bedanken. Die Spende wird an den Verein &#8222;Helping Hands e.V. Unna&#8220; weitergeleitet.<\/p>\n<p>Am 30.03.2022 findet an unserer Schule ein <strong>Sponsorenlauf<\/strong> statt. Die Aktion steht unter&nbsp; dem Motto <strong>&#8222;Kinder laufen f\u00fcr Kinder&#8220;<\/strong>. Spenden gehen \u00fcber die Organisation &#8222;Helping Hands Unna e.V.&#8220; an die Ukraine-Hilfe.<\/p>\n<p>Die ersten und zweiten Schuljahre laufen von 11.45 &#8211; 12.30 Uhr, die dritten und vierten Schuljahre von 12.30 &#8211; 13.15 Uhr. Die Kinder k\u00f6nnen nach jeder Runde den Lauf unterbrechen und sp\u00e4ter wieder beginnen. Bitte unterst\u00fctzen Sie Ihre Kinder durch eine kleine Spende pro Runde. Jeder Cent z\u00e4hlt!<\/p>\n<p>Mit freundlichen Gr\u00fc\u00dfen<\/p>\n<p>Martina Hoppe und Monika Grzenda<\/p>\n<p><span style=\"color: #000000;\">(Stand 02.12.2021)<\/span><\/p>\n<p>Liebe Eltern,<\/p>\n<p>ab dem 02.12.2021 gilt wieder die Maskenpflicht auch&nbsp;am Sitzplatz.<strong>&nbsp;<\/strong>Bitte denken Sie an ausreichende und gut sitzende Masken f\u00fcr Ihre Kinder.<\/p>\n<p>Herzlich m\u00f6chten wir Sie einladen zum Stehcafe jeden Dienstag in der Zeit von 07.30 Uhr bis ca. 09.00Uhr am Haupteingang. F\u00fcr Gespr\u00e4che und Fragen stehen Ihnen dann unser Schulsozialarbeiter und wechselnd Personen vom Jugendamt, der Erziehungsberatungsstelle, dem Job Center und andere Kooperationspartner zur Verf\u00fcgung.<\/p>\n<p>Mit freundlichen Gr\u00fc\u00dfen<\/p>\n<p>Martina Hoppe und Monika Grzenda<\/p>\n<hr>\n<p style=\"text-align: center;\">Mit unserer Homepage wollen wir interessierten Besuchern<\/p>\n<p style=\"text-align: center;\">Informationen zu unserem vielf\u00e4ltigen Schulleben bieten.<\/p>\n<p style=\"text-align: center;\">Wichtige Aspekte aus unserem Schulprogramm sind hier ebenso<\/p>\n<p style=\"text-align: center;\">aufzufinden wie aktuelle Termine und Unterrichtsvorhaben.<\/p>\n<p style=\"text-align: center;\">Wir sind bem\u00fcht, unsere Homepage stetig zu aktualisieren und<\/p>\n<p style=\"text-align: center;\">weiterzuentwickeln. Einige Seiten befinden sich auch noch im Aufbau.<\/p>\n<p style=\"text-align: center;\">Schauen Sie aber gerne immer einmal wieder herein und entdecken<\/p>\n<p style=\"text-align: center;\">Sie neue und aktuelle Beitr\u00e4ge.<\/p>\n<p style=\"text-align: center;\">Vielen Dank f\u00fcr Ihr Interesse.<\/p>\n<hr>\n<h2>&nbsp;<\/h2>\n<h2 style=\"text-align: center;\"><span style=\"text-decoration: underline;\"><span style=\"color: #000000; text-decoration: underline;\">Antr\u00e4ge und Informationen<\/span><\/span><\/h2>\n<table style=\"width: 591px;\">\n<tbody>\n<tr>\n<td style=\"width: 179px; text-align: center;\">\n<h5><span style=\"color: #000000;\">Klaro-Labor<\/span><\/h5>\n<h5><span style=\"color: #000000;\">&nbsp;Passwort: KLARO20+<\/span><\/h5>\n<h5><a href=\"https:\/\/www.klaro-labor.de\/\"><span style=\"color: #0000ff;\">www.klaro-labor.de<\/span><\/a><\/h5>\n<\/td>\n<td style=\"width: 188px;\">\n<h5 style=\"text-align: center;\"><span style=\"color: #0000ff;\"><span style=\"color: #000000;\">Hier geht es zu den<br><\/span><\/span><\/h5>\n<h5 style=\"text-align: center;\"><span style=\"color: #008000;\"><a href=\"https:\/\/www.gerhart-hauptmann-grundschule.de\/neu\/\" target=\"_blank\" rel=\"noopener noreferrer\"><span style=\"color: #0000ff;\">Klassenseiten<\/span><\/a><\/span><\/h5>\n<\/td>\n<td style=\"width: 202px; text-align: center;\">&nbsp;<\/td>\n<\/tr>\n<\/tbody>\n<\/table>\n<h3>&nbsp;<\/h3>\n<h3 style=\"text-align: center;\">&nbsp;<\/h3>\n<p style=\"text-align: center;\"><span style=\"color: #000000;\">Allgemeine Informationen finden Sie unter<span style=\"color: #0000ff;\"> <a href=\"http:\/\/www.schulministerium.nrw.de\" target=\"_blank\" rel=\"noopener noreferrer\">www.schulministerium.nrw.de<\/a><\/span><\/span><\/p>\n<h2 style=\"text-align: center;\">&nbsp;<\/h2>\n<p style=\"text-align: center;\"><a href=\"http:\/\/gerhart-hauptmann-grundschule.de\/verwaltung\/wp-content\/uploads\/2012\/08\/logo-400.gif\">&nbsp;<\/a><\/p>\n<p style=\"text-align: center;\"><img decoding=\"async\" class=\"aligncenter\" src=\"http:\/\/www.klasse2000.de\/fileadmin\/template\/images\/logo_klasse_2000.png\" alt=\"Logo Klasse 2000\"><\/p>\n<p style=\"text-align: center;\">Kooperationspartner der GHS f\u00fcr &#8222;Klasse 2000&#8220;<\/p>\nngg_shortcode_11_placeholder\n<p>&nbsp;<\/p>\n<p>&nbsp;<\/p>\n\n","protected":false},"excerpt":{"rendered":"<p>Herzlich willkommen auf der Homepage der Gerhart-Hauptmann-Schule &nbsp; Die neuen AG`s kommen sehr gut an, aktuell nur noch Wartelistenpl\u00e4tze&nbsp; &nbsp; &nbsp; M\u00e4rz 2025 &nbsp; Stadtmeisterschaft Fu\u00dfball der Grundschulen in Bergkamen&nbsp; &nbsp; &nbsp; &nbsp; &nbsp; &nbsp; &nbsp; &nbsp; &nbsp; &nbsp; &nbsp; &nbsp; &nbsp;Februar 2025 Unsere Mannschaft verbesserte sich dieses Jahr erneut und schaffte es auf das <a href='https:\/\/www.gerhart-hauptmann-grundschule.de\/verwaltung\/' class='excerpt-more'>[&#8230;]<\/a><\/p>\n","protected":false},"author":7,"featured_media":0,"parent":0,"menu_order":0,"comment_status":"closed","ping_status":"closed","template":"","meta":{"ngg_post_thumbnail":0,"footnotes":""},"class_list":["post-410","page","type-page","status-publish","hentry","post-seq-1","post-parity-odd","meta-position-corners","fix"],"_links":{"self":[{"href":"https:\/\/www.gerhart-hauptmann-grundschule.de\/verwaltung\/index.php?rest_route=\/wp\/v2\/pages\/410","targetHints":{"allow":["GET"]}}],"collection":[{"href":"https:\/\/www.gerhart-hauptmann-grundschule.de\/verwaltung\/index.php?rest_route=\/wp\/v2\/pages"}],"about":[{"href":"https:\/\/www.gerhart-hauptmann-grundschule.de\/verwaltung\/index.php?rest_route=\/wp\/v2\/types\/page"}],"author":[{"embeddable":true,"href":"https:\/\/www.gerhart-hauptmann-grundschule.de\/verwaltung\/index.php?rest_route=\/wp\/v2\/users\/7"}],"replies":[{"embeddable":true,"href":"https:\/\/www.gerhart-hauptmann-grundschule.de\/verwaltung\/index.php?rest_route=%2Fwp%2Fv2%2Fcomments&post=410"}],"version-history":[{"count":378,"href":"https:\/\/www.gerhart-hauptmann-grundschule.de\/verwaltung\/index.php?rest_route=\/wp\/v2\/pages\/410\/revisions"}],"predecessor-version":[{"id":3257,"href":"https:\/\/www.gerhart-hauptmann-grundschule.de\/verwaltung\/index.php?rest_route=\/wp\/v2\/pages\/410\/revisions\/3257"}],"wp:attachment":[{"href":"https:\/\/www.gerhart-hauptmann-grundschule.de\/verwaltung\/index.php?rest_route=%2Fwp%2Fv2%2Fmedia&parent=410"}],"curies":[{"name":"wp","href":"https:\/\/api.w.org\/{rel}","templated":true}]}}